= u**2 - 8*u + 6. Let v = 58 + -67. What is the units digit of y(v)?
9
Let l = 647 - 378. What is the units digit of l?
9
Let s = 4 + 312. What is the tens digit of s?
1
Let r(m) = 3*m**2 + 8*m + 92. What is the thousands digit of r(29)?
2
Let u(k) = k**2 + 2*k + 16. Let i be u(14). Suppose v - 2*d = 45, -2*v = -7*v - 5*d + i. What is the tens digit of v?
4
Suppose 0 = -7*u + 3367 - 1204. What is the hundreds digit of u?
3
Let v(h) be the first derivative of -3*h**2 - 3*h - 4. Suppose -10 = -2*u + 4*u. What is the units digit of v(u)?
7
Let q(t) = 28*t + 54. What is the tens digit of q(10)?
3
Let f(r) = r**2 - 11*r + 4. Suppose 2*l - 32 = -3*q + 3*l, 4 = -2*l. Suppose 8*d = q*d - 22. What is the units digit of f(d)?
4
Let i(t) = -t**3 + 5*t**2 + t - 3. Let q be i(5). Let m(u) = u + 3. Let n be m(-3). Suppose n*g = -2*g + 5*x + 28, 28 = 2*g + q*x. What is the units digit of g?
4
Let p be (-5)/(-2)*24/(-10). What is the tens digit of (-14 - (-9 + 5))*p?
6
Let z = -169 + 774. What is the units digit of z?
5
Let k be (-8)/((-20)/5) - -287. Suppose -7*m - k = -5*a - 5*m, 5*m = -3*a + 161. What is the tens digit of a?
5
Let n(y) = y**3 - 14*y**2 + 12*y - 60. What is the hundreds digit of n(14)?
1
What is the units digit of 20600/24 + (-4)/(-6)?
9
Let m = -204 + 508. What is the units digit of m?
4
Suppose -5*n + n - k = -1219, 5*n = 3*k + 1528. What is the hundreds digit of n?
3
Suppose -3*f + 625 = -5*y, 3*y = 6*y - 3. What is the tens digit of f?
1
Suppose -47*r + 64*r = 31875. What is the thousands digit of r?
1
Let f be (-20)/(-6)*15/10. Suppose 0 = -p + f*a - 6, -p + 5*p = 3*a + 61. Let i = p - 9. What is the tens digit of i?
1
Let n = 43 + -43. What is the tens digit of n + 12/4 - -60?
6
Let y = 2818 - 1730. What is the units digit of y?
8
Let h = -496 + 170. Let o = h + 502. What is the units digit of o?
6
Let a(j) = -13 + 55*j**2 + 0*j**3 + j**3 + 2*j - 64*j**2. Let i be a(9). Suppose -i*u + 13 = -17. What is the units digit of u?
6
Let r(y) = 234*y**2 + 28*y + 51. What is the units digit of r(-2)?
1
Suppose 0 = -3*i - 3*n + 48, n - 1 - 2 = 0. Suppose 5*z - 7 = i. Suppose 6*o - z*o - 32 = 0. What is the units digit of o?
6
Suppose -11869 - 3835 = -8*b. What is the units digit of b?
3
Let a(o) = o**2 - 5*o + 2. Let i be a(3). Let k be 2 + (i - -1) + 1. Suppose k*z + z = 14. What is the tens digit of z?
1
Let a = 60 + -55. Suppose 0 = a*q - 9*q + 172. What is the units digit of q?
3
Suppose 2*f - 516 = 74. What is the tens digit of f/2 + -1 + (-1)/(-2)?
4
Let j = -4972 + 8752. What is the hundreds digit of j?
7
Let o(g) = -666*g**3 + 2*g**2 - g - 3. What is the tens digit of o(-1)?
6
Let w = -8 - -13. Let p(u) = -u**3 + 5*u**2 - 2*u + 1. Let x be p(w). What is the tens digit of 3/(-2)*78/x?
1
Let l = -328 - -845. Let g = l - 266. What is the units digit of g?
1
Suppose 4*t + 9*d - 4*d - 1380 = 0, -4*d = -t + 324. What is the tens digit of t?
4
Let u(z) = 2*z**3 - 3*z**2 + 2*z - 2. Let k be u(2). Suppose -k*y - 4 = -8*y. Suppose -v = 3*f - 5, 4*f - y*v = -2 + 22. What is the units digit of f?
3
Let g(u) = -u**2 - 16*u - 37. Let a be g(-13). What is the units digit of ((-48)/(-9) + -4)/(a/6)?
4
Let q(v) = -14*v - 4*v + 30*v - 6 + 33*v. What is the units digit of q(2)?
4
Let n = -7851 + 12372. What is the tens digit of n?
2
Suppose -a = -0 - 2. Suppose -24 = -a*y - 3*w, y - 44 = -3*y - 5*w. Suppose -4*v - 28 = -y*v - 5*t, -65 = -3*v + 4*t. What is the tens digit of v?
1
Let b(s) = -38*s - 35. What is the hundreds digit of b(-11)?
3
Let i(f) be the second derivative of -f**4/3 + f**3/6 + 4*f. Let v be i(-1). Let s = v - -15. What is the units digit of s?
0
Let d(i) = -i**3 - 39*i**2 - 8*i + 25. What is the hundreds digit of d(-39)?
3
Let g = 37 + -41. Let a = g - -4. Suppose a = 10*o - 7*o - 18. What is the units digit of o?
6
Suppose x + x - i = 2098, 5*x + i - 5245 = 0. What is the hundreds digit of x?
0
Suppose 4555 = 7*a - 541. What is the tens digit of a?
2
What is the hundreds digit of (16980/120)/(1/8)?
1
Let u(i) = -10*i - 8. Let f be u(-5). Let x = 39 + f. What is the units digit of x?
1
Suppose 0 = -87*f + 91*f - 7876. What is the thousands digit of f?
1
Let z(t) be the third derivative of -t**6/40 + t**5/60 - t**4/24 + t**3/6 + 7*t**2. Let l be z(1). What is the units digit of 29*(3/1 + l)?
9
Suppose 7 = n + 5. Let j be (0/(-3))/n + -1. Let g(m) = -m**2 - 3*m - 1. What is the units digit of g(j)?
1
Let c(g) = g**3 - 17*g**2 - 18*g + 27. Let m = 48 + -30. What is the tens digit of c(m)?
2
Suppose 5*s = -23 + 98. Suppose z - 7 = 2*z. Let n = s - z. What is the units digit of n?
2
Let u be 0 + (-386)/(-6) + (-1)/3. Suppose -8*n + 7*n + u = 0. What is the tens digit of n?
6
Let k(b) = 2*b. Let x be k(2). Let n be (-78)/15 - (-7)/35. Let t = x - n. What is the units digit of t?
9
Suppose -7 = -2*z + 29. Let p be (1 - 23)*(-2)/(-4). Let a = z + p. What is the units digit of a?
7
Suppose -9 = -2*d - 3. Let o be (-1)/(d*(-2)/18). What is the tens digit of o/((-4)/(-56) + 0)?
4
Let h be 4 - 3/((-3)/(-4)). Suppose -3*v - 9 = h, 0*d = -4*d + 3*v + 137. What is the tens digit of d?
3
Let j(l) = -l**2 - 9*l - 1. Let k be j(-9). What is the units digit of k - (5 + -3 + -70)?
7
Let w be -10 - (16 + 4)/(-5). What is the tens digit of (1 + w)*(-735)/21?
7
Let z(w) = -40*w + 2. Let g(o) = -1 - 6 + 8 - 4*o - 16*o. Let p(q) = 7*g(q) - 3*z(q). What is the tens digit of p(-1)?
2
Let p(l) = l**3 - 3*l**2 - 3*l - 3. Let h be p(4). Let r(f) = 81*f**3 + 3*f**2 - 2. What is the tens digit of r(h)?
8
Suppose -41*y + 37*y = 20, -y = -5*q + 4465. What is the hundreds digit of q?
8
Let j(d) = d**3 + 18*d**2 - 35*d + 22. Let m be j(-19). Let b = m + -46. What is the units digit of b?
0
Let l(y) = 2*y**2 - 2*y + 5. Suppose 5*g - 5 = -5*m, -45 = 5*g - 0*m - 5*m. What is the units digit of l(g)?
5
Suppose 24 = 5*t + 4. Suppose -5*p = t*l - 348, 2*p + 2*l - 140 = -0*l. What is the tens digit of p?
6
Suppose 7381 = 4*q - j, -2*j - 661 = -2*q + 3037. What is the tens digit of q?
4
Suppose -2827 = 3*q - 15733. What is the units digit of q?
2
Let f = -4 + 7. Suppose 5*k = 4*v - 2*v + 104, k - 13 = f*v. What is the units digit of k?
2
Suppose 2016*b - 2026*b + 51690 = 0. What is the thousands digit of b?
5
Suppose 3*u - 1185 = 567. What is the tens digit of u?
8
Let y(g) = -g + 10. Let r be y(5). What is the tens digit of 33 - (100/r)/(-5)?
3
Let k(q) = -q + 6. Let p be k(6). Suppose s + g - 42 = 0, p = -3*s - 0*g + 2*g + 111. What is the units digit of s?
9
Let c(x) = 2*x**2 + x + 10. What is the hundreds digit of c(-25)?
2
What is the hundreds digit of 320/800 - (-40726)/10?
0
Suppose -1066*g + 1064*g = -774. What is the tens digit of g?
8
Let c(v) = v**2 + 4*v + 10. Suppose -a - a - 16 = s, -3*a + 2*s - 10 = 0. What is the units digit of c(a)?
2
Let u(q) = 22*q**3 + 8*q**2 - 16*q + 17. What is the thousands digit of u(4)?
1
Let l be ((-9)/(-6))/((-9)/(-48)). Let c(s) = s**3 - 8*s**2 + 8*s - 2. Let p be c(l). Let h = -34 + p. What is the units digit of h?
8
Suppose 6*t = t - i - 2, -5*t = -5*i + 20. Let w(j) = -95*j**3 - 2*j**2 - 2*j - 1. What is the tens digit of w(t)?
9
Let g = 321 - 483. Let t be (-89)/(-2)*-2 + 1. Let b = t - g. What is the tens digit of b?
7
Suppose -i - 4 + 20 = 0. Let p = i + -13. Suppose 4*r = 5*s - 156, 4*r = -p*s - r + 64. What is the units digit of s?
8
Suppose 0 = -4*b - 4*i + 1876, 3*b + 3*i = b + 935. What is the hundreds digit of b?
4
Let p(j) = 7*j**2 + 13*j + 23. Let b(z) = 4*z**2 + 7*z + 12. Let q(x) = 11*b(x) - 6*p(x). What is the units digit of q(4)?
2
Suppose -28*l + 18473 = 4445. What is the hundreds digit of l?
5
Let s(l) = -65*l + 7. What is the units digit of s(-1)?
2
Let h = -265 + 123. What is the tens digit of h/(-2) - (3 + -1)?
6
Let r(l) = -l**2 - 25*l - 42. Suppose -3*c = -0 + 51. What is the units digit of r(c)?
4
Let v = 306 - -257. What is the tens digit of v?
6
Let x(i) = i + 15. Let g be x(-10). Suppose g*h + k - 600 = 0, -h + 114 = 3*k - 4*k. What is the units digit of h?
9
Suppose -31*f = -32*f. Let a(n) = -12*n - 6. Let g be a(-5). Suppose 2*z + 0*z - g = f. What is the tens digit of z?
2
Suppose 5*s + 12 = 62. What is the units digit of 4/s - (-23)/5?
5
Let u(z) = -5*z - 22. Let x(c) = c - 1. Let n(a) = -u(a) - 4*